{"id":51,"date":"2017-05-22T12:25:34","date_gmt":"2017-05-22T10:25:34","guid":{"rendered":"http:\/\/www.schmitz-tankschutz.de\/wordpress\/?page_id=51"},"modified":"2025-12-15T15:22:45","modified_gmt":"2025-12-15T14:22:45","slug":"zertifizierungen","status":"publish","type":"page","link":"https:\/\/www.schmitz-tankschutz.de\/index.php\/zertifizierungen\/","title":{"rendered":"Zertifizierungen"},"content":{"rendered":"<p><strong>Zertifikate &#8211; T\u00dcV Abnahme &#8211; Tankbau<\/strong><\/p>\n<table>\n<tbody>\n<tr>\n<td><a href=\"https:\/\/www.schmitz-tankschutz.de\/wp-content\/uploads\/2025\/12\/Fachbetriebsbescheinigung-Viersen-gueltig-bis-Dezember-2027.pdf\"><img decoding=\"async\" loading=\"lazy\" class=\"alignnone wp-image-2203 size-medium\" src=\"https:\/\/www.schmitz-tankschutz.de\/wp-content\/uploads\/2020\/01\/viersen-213x300.png\" alt=\"\" width=\"213\" height=\"300\" srcset=\"https:\/\/www.schmitz-tankschutz.de\/wp-content\/uploads\/2020\/01\/viersen-213x300.png 213w, https:\/\/www.schmitz-tankschutz.de\/wp-content\/uploads\/2020\/01\/viersen-273x385.png 273w, https:\/\/www.schmitz-tankschutz.de\/wp-content\/uploads\/2020\/01\/viersen-145x204.png 145w, https:\/\/www.schmitz-tankschutz.de\/wp-content\/uploads\/2020\/01\/viersen.png 678w\" sizes=\"(max-width: 213px) 100vw, 213px\" \/><\/a><br \/>\n<strong class=\"name\">Bescheinigung<\/strong><\/p>\n<div class=\"text_2\"><b>Fachbetrieb gem\u00e4\u00df Wasserhaushaltsgesetz &#8211; Viersen<\/b><\/div>\n<\/td>\n<td><a href=\"https:\/\/www.schmitz-tankschutz.de\/wp-content\/uploads\/2025\/12\/Fachbetriebsbescheinigung-Hennef-gueltig-bis-Dezember-2027.pdf\"><img decoding=\"async\" loading=\"lazy\" class=\"alignnone wp-image-2204 size-medium\" src=\"https:\/\/www.schmitz-tankschutz.de\/wp-content\/uploads\/2020\/01\/hennef-211x300.png\" alt=\"\" width=\"211\" height=\"300\" srcset=\"https:\/\/www.schmitz-tankschutz.de\/wp-content\/uploads\/2020\/01\/hennef-211x300.png 211w, https:\/\/www.schmitz-tankschutz.de\/wp-content\/uploads\/2020\/01\/hennef-271x385.png 271w, https:\/\/www.schmitz-tankschutz.de\/wp-content\/uploads\/2020\/01\/hennef-144x204.png 144w, https:\/\/www.schmitz-tankschutz.de\/wp-content\/uploads\/2020\/01\/hennef.png 676w\" sizes=\"(max-width: 211px) 100vw, 211px\" \/><\/a><br \/>\n<strong class=\"name\">Bescheinigung<\/strong><\/p>\n<div class=\"text_2\"><b>Fachbetrieb gem\u00e4\u00df Wasserhaushaltsgesetz &#8211; Hennef<\/b><\/div>\n<\/td>\n<td><a href=\"https:\/\/www.schmitz-tankschutz.de\/wp-content\/uploads\/2018\/06\/zertifikat3.pdf\" target=\"blank\" rel=\"noopener noreferrer\"><img decoding=\"async\" class=\"image\" style=\"border: 1px solid grey;\" src=\"https:\/\/www.schmitz-tankschutz.de\/wp-content\/uploads\/2018\/06\/zertifikat3.jpg\" alt=\"Zertifikat 1\" \/><\/a><br \/>\n<strong class=\"name\">Schwei\u00dfzertifikat nach DIN EN 1090<\/strong><\/p>\n<div class=\"text_2\"><b>mit Zertifikat der Konformit\u00e4t<\/b><\/div>\n<\/td>\n<\/tr>\n<tr>\n<td>\n<hr>\n<\/td>\n<td>\n<hr>\n<\/td>\n<td>\n<hr>\n<\/td>\n<\/tr>\n<\/tr>\n<tr>\n<td><a href=\"https:\/\/www.schmitz-tankschutz.de\/wp-content\/uploads\/2018\/06\/zertifikat4.pdf\" target=\"blank\" rel=\"noopener noreferrer\"><img decoding=\"async\" class=\"image\" style=\"border: 1px solid grey;\" src=\"https:\/\/www.schmitz-tankschutz.de\/wp-content\/uploads\/2018\/06\/zertifikat4.jpg\" alt=\"Zertifikat 2\" \/><\/a><br \/>\n<strong class=\"name\">Pr\u00fcfbescheinigung<\/strong><\/p>\n<div class=\"text_2\"><b>Innenbeschichtungen von Tanks und Abdichten von Auffangr\u00e4umen mit Beschichtungsstoffen<\/b><\/div>\n<\/td>\n<td><a href=\"https:\/\/www.schmitz-tankschutz.de\/wp-content\/uploads\/2018\/06\/zertifikat5.pdf\" target=\"blank\" rel=\"noopener noreferrer\"><img decoding=\"async\" class=\"image\" style=\"border: 1px solid grey;\" src=\"https:\/\/www.schmitz-tankschutz.de\/wp-content\/uploads\/2018\/06\/zertifikat5.jpg\" alt=\"Zertifikat 3\" \/><\/a><br \/>\n<strong class=\"name\">Pr\u00fcfbescheinigung<\/strong><\/p>\n<div class=\"text_2\"><b>Abdichten von Fugen an Abf\u00fcllpl\u00e4tzen von Tankstellen<\/b><\/div>\n<\/td>\n<td><a href=\"https:\/\/www.schmitz-tankschutz.de\/wp-content\/uploads\/2018\/06\/zertifikat6.pdf\" target=\"blank\" rel=\"noopener noreferrer\"><img decoding=\"async\" class=\"image\" style=\"border: 1px solid grey;\" src=\"https:\/\/www.schmitz-tankschutz.de\/wp-content\/uploads\/2018\/06\/zertifikat6.jpg\" alt=\"Zertifikat 4\" \/><\/a><br \/>\n<strong class=\"name\">Pr\u00fcfbescheinigung<\/strong><\/p>\n<div class=\"text_2\"><b>Montage Leckanzeigeger\u00e4te und Montage Leckschutzauskleidungen<\/b><\/div>\n<\/td>\n<\/tr>\n<tr>\n<td>\n<hr>\n<\/td>\n<td>\n<hr>\n<\/td>\n<td>\n<hr>\n<\/td>\n<\/tr>\n<tr>\n<td><a href=\"https:\/\/www.schmitz-tankschutz.de\/wp-content\/uploads\/2018\/06\/zertifikat7.pdf\" target=\"blank\" rel=\"noopener noreferrer\"><img decoding=\"async\" class=\"image\" style=\"border: 1px solid grey;\" src=\"https:\/\/www.schmitz-tankschutz.de\/wp-content\/uploads\/2018\/06\/zertifikat7.jpg\" alt=\"Zertifikat 5\" \/><\/a><br \/>\n<strong class=\"name\">Pr\u00fcfbescheinigung<\/strong><\/p>\n<div class=\"text_2\"><b>Tankrevision AI-AIII + B<\/b><\/div>\n<\/td>\n<td><a href=\"https:\/\/www.schmitz-tankschutz.de\/wp-content\/uploads\/2018\/06\/zertifikat8.pdf\" target=\"blank\" rel=\"noopener noreferrer\"><img decoding=\"async\" class=\"image\" style=\"border: 1px solid grey;\" src=\"https:\/\/www.schmitz-tankschutz.de\/wp-content\/uploads\/2018\/06\/zertifikat8.jpg\" alt=\"Zertifikat 7\" \/><\/a><br \/>\n<strong class=\"name\">Urkunde<\/strong><\/p>\n<div class=\"text_2\"><b>Instandsetzerkennzeichen der Landeseichdirektion<\/b><\/div>\n<\/td>\n<td><a href=\"https:\/\/www.schmitz-tankschutz.de\/wp-content\/uploads\/2018\/06\/zertifikat9.pdf\" target=\"blank\" rel=\"noopener noreferrer\"><img decoding=\"async\" class=\"image\" style=\"border: 1px solid grey;\" src=\"https:\/\/www.schmitz-tankschutz.de\/wp-content\/uploads\/2018\/06\/zertifikat9.jpg\" alt=\"Zertifikat 8\" \/><\/a><br \/>\n<strong class=\"name\">Pr\u00fcfbescheinigung<\/strong><\/p>\n<div class=\"text_2\"><b>Fachkundelehrgang gem\u00e4\u00df Entsorgungsfachbetriebeverordnung<\/b><\/div>\n<\/td>\n<\/tr>\n<tr>\n<td>\n<hr>\n<\/td>\n<td>\n<hr>\n<\/td>\n<td>\n<hr>\n<\/td>\n<\/tr>\n<tr>\n<td><a href=\"https:\/\/www.schmitz-tankschutz.de\/wp-content\/uploads\/2018\/06\/zertifikat10.pdf\" target=\"blank\" rel=\"noopener noreferrer\"><img decoding=\"async\" class=\"image\" style=\"border: 1px solid grey;\" src=\"https:\/\/www.schmitz-tankschutz.de\/wp-content\/uploads\/2018\/06\/zertifikat10.jpg\" alt=\"Zertifikat 9\" \/><\/a><br \/>\n<strong class=\"name\">Teilnahmebescheinigung<\/strong><\/p>\n<div class=\"text_2\"><b>Betrieb und Wartung von Abscheideanlagen<\/b><\/div>\n<\/td>\n<td><a href=\"https:\/\/www.schmitz-tankschutz.de\/wp-content\/uploads\/2020\/01\/freistellungsschein.pdf\"><img decoding=\"async\" loading=\"lazy\" class=\"alignnone wp-image-2210 size-medium\" src=\"https:\/\/www.schmitz-tankschutz.de\/wp-content\/uploads\/2020\/01\/freistellungsschein-06.06.-213x300.png\" alt=\"\" width=\"213\" height=\"300\" srcset=\"https:\/\/www.schmitz-tankschutz.de\/wp-content\/uploads\/2020\/01\/freistellungsschein-06.06.-213x300.png 213w, https:\/\/www.schmitz-tankschutz.de\/wp-content\/uploads\/2020\/01\/freistellungsschein-06.06.-728x1024.png 728w, https:\/\/www.schmitz-tankschutz.de\/wp-content\/uploads\/2020\/01\/freistellungsschein-06.06.-274x385.png 274w, https:\/\/www.schmitz-tankschutz.de\/wp-content\/uploads\/2020\/01\/freistellungsschein-06.06.-145x204.png 145w, https:\/\/www.schmitz-tankschutz.de\/wp-content\/uploads\/2020\/01\/freistellungsschein-06.06..png 741w\" sizes=\"(max-width: 213px) 100vw, 213px\" \/><\/a><\/p>\n<p><strong class=\"name\">Finanzamt Freistellungsbescheinigung \u00a7 48 b<\/strong><\/td>\n<td><a href=\"https:\/\/www.schmitz-tankschutz.de\/wp-content\/uploads\/2020\/02\/Scans100220072329-1.pdf\"><img decoding=\"async\" loading=\"lazy\" class=\"alignnone wp-image-2222 \" src=\"https:\/\/www.schmitz-tankschutz.de\/wp-content\/uploads\/2020\/02\/Bildschirmfoto-2020-02-10-um-09.18.41.png\" alt=\"\" width=\"243\" height=\"346\" srcset=\"https:\/\/www.schmitz-tankschutz.de\/wp-content\/uploads\/2020\/02\/Bildschirmfoto-2020-02-10-um-09.18.41.png 746w, https:\/\/www.schmitz-tankschutz.de\/wp-content\/uploads\/2020\/02\/Bildschirmfoto-2020-02-10-um-09.18.41-211x300.png 211w, https:\/\/www.schmitz-tankschutz.de\/wp-content\/uploads\/2020\/02\/Bildschirmfoto-2020-02-10-um-09.18.41-721x1024.png 721w, https:\/\/www.schmitz-tankschutz.de\/wp-content\/uploads\/2020\/02\/Bildschirmfoto-2020-02-10-um-09.18.41-271x385.png 271w, https:\/\/www.schmitz-tankschutz.de\/wp-content\/uploads\/2020\/02\/Bildschirmfoto-2020-02-10-um-09.18.41-144x204.png 144w\" sizes=\"(max-width: 243px) 100vw, 243px\" \/><\/a><\/p>\n<p><strong class=\"name\">Finanzamt Nachweis bei Bauleistung \u00a7 13 b<\/strong><\/td>\n<\/tr>\n<tr>\n<td>\n<hr>\n<\/td>\n<td>\n<hr>\n<\/td>\n<td>\n<hr>\n<\/td>\n<\/tr>\n<\/tbody>\n<\/table>\n","protected":false},"excerpt":{"rendered":"<p>Zertifikate &#8211; T\u00dcV Abnahme &#8211; Tankbau Bescheinigung Fachbetrieb gem\u00e4\u00df Wasserhaushaltsgesetz &#8211; Viersen Bescheinigung Fachbetrieb gem\u00e4\u00df Wasserhaushaltsgesetz &#8211; Hennef Schwei\u00dfzertifikat nach DIN EN 1090 mit Zertifikat der Konformit\u00e4t Pr\u00fcfbescheinigung Innenbeschichtungen von Tanks und Abdichten von Auffangr\u00e4umen mit Beschichtungsstoffen Pr\u00fcfbescheinigung Abdichten von Fugen an Abf\u00fcllpl\u00e4tzen von Tankstellen Pr\u00fcfbescheinigung Montage Leckanzeigeger\u00e4te und Montage Leckschutzauskleidungen Pr\u00fcfbescheinigung Tankrevision AI-AIII + [&hellip;]<\/p>\n","protected":false},"author":1,"featured_media":0,"parent":0,"menu_order":0,"comment_status":"closed","ping_status":"closed","template":"","meta":[],"_links":{"self":[{"href":"https:\/\/www.schmitz-tankschutz.de\/index.php\/wp-json\/wp\/v2\/pages\/51"}],"collection":[{"href":"https:\/\/www.schmitz-tankschutz.de\/index.php\/wp-json\/wp\/v2\/pages"}],"about":[{"href":"https:\/\/www.schmitz-tankschutz.de\/index.php\/wp-json\/wp\/v2\/types\/page"}],"author":[{"embeddable":true,"href":"https:\/\/www.schmitz-tankschutz.de\/index.php\/wp-json\/wp\/v2\/users\/1"}],"replies":[{"embeddable":true,"href":"https:\/\/www.schmitz-tankschutz.de\/index.php\/wp-json\/wp\/v2\/comments?post=51"}],"version-history":[{"count":82,"href":"https:\/\/www.schmitz-tankschutz.de\/index.php\/wp-json\/wp\/v2\/pages\/51\/revisions"}],"predecessor-version":[{"id":2294,"href":"https:\/\/www.schmitz-tankschutz.de\/index.php\/wp-json\/wp\/v2\/pages\/51\/revisions\/2294"}],"wp:attachment":[{"href":"https:\/\/www.schmitz-tankschutz.de\/index.php\/wp-json\/wp\/v2\/media?parent=51"}],"curies":[{"name":"wp","href":"https:\/\/api.w.org\/{rel}","templated":true}]}}