{"id":49,"date":"2017-05-22T12:25:17","date_gmt":"2017-05-22T10:25:17","guid":{"rendered":"http:\/\/www.schmitz-tankschutz.de\/wordpress\/?page_id=49"},"modified":"2018-09-14T15:40:52","modified_gmt":"2018-09-14T13:40:52","slug":"sachverstaendigen-abnahmen","status":"publish","type":"page","link":"https:\/\/www.schmitz-tankschutz.de\/index.php\/sachverstaendigen-abnahmen\/","title":{"rendered":"Sachverst\u00e4ndigen-Abnahmen"},"content":{"rendered":"<p style=\"text-align:right;\"><img decoding=\"async\" loading=\"lazy\" class=\"alignnone size-full wp-image-1609\" src=\"https:\/\/www.schmitz-tankschutz.de\/wp-content\/uploads\/2018\/06\/icon-print.png\" alt=\"print-button\" width=\"27,8\" height=\"29,6\" \/> <a href=\"https:\/\/www.schmitz-tankschutz.de\/wp-content\/uploads\/2018\/06\/Leistungsspektrum_Sachverstaendigen.pdf\" target=\"blank\" rel=\"noopener\" style=\"text-decoration:underline;color:#c00067;\">Seite drucken<\/a><\/p>\n<p>Mit dem Inkrafttreten der neuen &#8222;Verordnung \u00fcber Anlagen zum Umgang mit wassergef\u00e4hrdenden Stoffen (AwSV)&#8220; zum 1. August 2017 werden auch f\u00fcr die Pr\u00fcfung von Verbraucheranlagen (z. B. Heiz\u00f6ltanks) bundeseinheitliche Regelungen eingef\u00fchrt. Danach sind folgende Pr\u00fcfzeitpunkte und -intervalle durch einen Sachverst\u00e4ndigen vorgeschrieben:<\/p>\n<p>Diese Arbeiten werden von uns koordiniert und bei Bedarf die Abnahme zusammen mit dem Sachverst\u00e4ndigen durchgef\u00fchrt.<\/p>\n<p>&nbsp;<\/p>\n\n<table id=\"tablepress-2\" class=\"tablepress tablepress-id-2\">\n<tbody class=\"row-hover\">\n<tr class=\"row-1 odd\">\n\t<td class=\"column-1\"><strong>Anlagen<\/strong><\/td><td class=\"column-2\"><strong> \tPr\u00fcfzeitpunkte und Intervalle<\/strong><\/td><td class=\"column-3\"><\/td><td class=\"column-4\"><\/td>\n<\/tr>\n<tr class=\"row-2 even\">\n\t<td class=\"column-1\"><\/td><td class=\"column-2\"><strong>Pr\u00fcfung vor Inbetriebnahme oder nach wesentlicher<br \/>\n\u00c4nderung<\/strong><\/td><td class=\"column-3\"><strong>Wiederkehrende Pr\u00fcfung<\/strong><\/td><td class=\"column-4\"><strong>Pr\u00fcfung bei Stilllegung<\/strong><\/td>\n<\/tr>\n<tr class=\"row-3 odd\">\n\t<td class=\"column-1\"><strong>Oberirdische<\/strong> Verbraucheranlagen <strong>au\u00dferhalb<\/strong> von Schutz-<br \/>\ngebieten und \u00dcberschwemmungsgebieten<\/td><td class=\"column-2\">Anlagen mit einem Lagervolumen \u00fcber 1.000 Liter<\/td><td class=\"column-3\">Anlagen mit einem Lagervolumen \u00fcber 10.000 Liter nach 5 Jahren<\/td><td class=\"column-4\">Anlagen mit einem Lagervolumen \u00fcber <br>10.000 Liter<\/td>\n<\/tr>\n<tr class=\"row-4 even\">\n\t<td class=\"column-1\"><strong>Oberirdische<\/strong> Verbraucheranlagen <strong>in<\/strong> Schutzgebieten und \u00dcberschwemmungsgebieten<\/td><td class=\"column-2\">Anlagen mit einem Lagervolumen \u00fcber 1.000 Liter<\/td><td class=\"column-3\">Anlagen mit einem Lagervolumen \u00fcber 1.000 Liter nach 5 Jahren<\/td><td class=\"column-4\">Anlagen mit einem Lagervolumen \u00fcber<br> 1.000 Liter<\/td>\n<\/tr>\n<tr class=\"row-5 odd\">\n\t<td class=\"column-1\"><strong>Unterirdische<\/strong> Verbraucheranlagen <strong>au\u00dferhalb<\/strong> von Schutzgebieten und \u00dcberschwemmungsgebieten<\/td><td class=\"column-2\">Alle Anlagen<\/td><td class=\"column-3\">Alle Anlagen nach 5 Jahren<\/td><td class=\"column-4\">Alle Anlagen<\/td>\n<\/tr>\n<tr class=\"row-6 even\">\n\t<td class=\"column-1\"><strong>Unterirdische<\/strong> Verbraucheranlagen <strong>in<\/strong> Schutzgebieten und \u00dcberschwemmungsgebieten<\/td><td class=\"column-2\">Alle Anlagen<\/td><td class=\"column-3\">Alle Anlagen nach 2,5 Jahren<\/td><td class=\"column-4\">Alle Anlagen<\/td>\n<\/tr>\n<\/tbody>\n<\/table>\n<!-- #tablepress-2 from cache -->\n<p>&nbsp;<\/p>\n<p>Die Fristen f\u00fcr die wiederkehrenden Pr\u00fcfungen beginnen mit dem Abschluss der Pr\u00fcfung vor Inbetriebnahme oder nach wesentlichen \u00c4nderungen.<\/p>\n<p>Zur Wahrung der Fristen der wiederkehrenden Pr\u00fcfungen ist es ausreichend, die Pr\u00fcfungen bis zum Ende des F\u00e4lligkeitsmonats durchzuf\u00fchren.<\/p>\n<p>Oberirdische Heiz\u00f6lverbraucheranlagen sind \u00fcberwiegend in Kellern aufgestellt.<\/p>\n<p>Es ist das Gesamtvolumen der Tankanlage bei z. B. Batterietanks zu beachten!<\/p>\n<p>Alle Angaben sind ohne Gew\u00e4hr.<\/p>\n<p>Stand August 2017<\/p>\n","protected":false},"excerpt":{"rendered":"<p>Seite drucken Mit dem Inkrafttreten der neuen &#8222;Verordnung \u00fcber Anlagen zum Umgang mit wassergef\u00e4hrdenden Stoffen (AwSV)&#8220; zum 1. August 2017 werden auch f\u00fcr die Pr\u00fcfung von Verbraucheranlagen (z. B. Heiz\u00f6ltanks) bundeseinheitliche Regelungen eingef\u00fchrt. Danach sind folgende Pr\u00fcfzeitpunkte und -intervalle durch einen Sachverst\u00e4ndigen vorgeschrieben: Diese Arbeiten werden von uns koordiniert und bei Bedarf die Abnahme zusammen [&hellip;]<\/p>\n","protected":false},"author":1,"featured_media":0,"parent":0,"menu_order":0,"comment_status":"closed","ping_status":"closed","template":"","meta":[],"_links":{"self":[{"href":"https:\/\/www.schmitz-tankschutz.de\/index.php\/wp-json\/wp\/v2\/pages\/49"}],"collection":[{"href":"https:\/\/www.schmitz-tankschutz.de\/index.php\/wp-json\/wp\/v2\/pages"}],"about":[{"href":"https:\/\/www.schmitz-tankschutz.de\/index.php\/wp-json\/wp\/v2\/types\/page"}],"author":[{"embeddable":true,"href":"https:\/\/www.schmitz-tankschutz.de\/index.php\/wp-json\/wp\/v2\/users\/1"}],"replies":[{"embeddable":true,"href":"https:\/\/www.schmitz-tankschutz.de\/index.php\/wp-json\/wp\/v2\/comments?post=49"}],"version-history":[{"count":16,"href":"https:\/\/www.schmitz-tankschutz.de\/index.php\/wp-json\/wp\/v2\/pages\/49\/revisions"}],"predecessor-version":[{"id":2129,"href":"https:\/\/www.schmitz-tankschutz.de\/index.php\/wp-json\/wp\/v2\/pages\/49\/revisions\/2129"}],"wp:attachment":[{"href":"https:\/\/www.schmitz-tankschutz.de\/index.php\/wp-json\/wp\/v2\/media?parent=49"}],"curies":[{"name":"wp","href":"https:\/\/api.w.org\/{rel}","templated":true}]}}